{"id":699,"date":"2025-07-08T14:24:49","date_gmt":"2025-07-08T12:24:49","guid":{"rendered":"https:\/\/fidelizi.fr\/fidelizipro\/?page_id=699"},"modified":"2025-09-26T10:08:05","modified_gmt":"2025-09-26T08:08:05","slug":"appli-point-de-vente","status":"publish","type":"page","link":"https:\/\/fidelizi.fr\/fidelizipro\/appli-point-de-vente\/","title":{"rendered":"Appli Point de Vente"},"content":{"rendered":"\n<p>T\u00e9l\u00e9chargez et installez l&#8217;application sur votre terminal ou votre smartphone :<\/p>\n\n\n\n<p class=\"has-cyan-bluish-gray-background-color has-background has-medium-font-size\"><strong><a href=\"https:\/\/fidelizi.fr\/fidelizipro\/application\/fidelizipro.apk\">Download<\/a><\/strong><\/p>\n\n\n\n<p class=\"has-vivid-red-color has-luminous-vivid-amber-background-color has-text-color has-background has-link-color has-medium-font-size wp-elements-1f182fa70ccff75bc4bec0f982f7b463\"><strong>Lors de l&#8217;installation vous allez \u00eatre confront\u00e9 \u00e0 la s\u00e9curit\u00e9 de votre smartphone, vous pouvez continuer l&#8217;installation en toute s\u00e9curit\u00e9, passer les scan de v\u00e9rification si vous le souhaitez.<\/strong><\/p>\n\n\n\n<p class=\"has-vivid-red-color has-luminous-vivid-amber-background-color has-text-color has-background has-link-color has-medium-font-size wp-elements-2a51d1f19db0f91e2b93daadc06b1dff\"><strong>Une fois install\u00e9e, pour ouvrir votre application, vous devrez entrer votre code client pro \u00e0 13 caract\u00e8res que vous avez re\u00e7u par mail.<\/strong><\/p>\n\n\n\n<p class=\"has-medium-font-size\"><\/p>\n","protected":false},"excerpt":{"rendered":"<p>T\u00e9l\u00e9chargez et installez l&#8217;application sur votre terminal ou votre smartphone : Download Lors de l&#8217;installation vous allez \u00eatre confront\u00e9 \u00e0 la s\u00e9curit\u00e9 de votre smartphone, vous pouvez continuer l&#8217;installation en toute s\u00e9curit\u00e9, passer les scan de v\u00e9rification si vous le souhaitez. Une fois install\u00e9e, pour ouvrir votre application, vous devrez entrer votre code client pro &hellip; <\/p>\n","protected":false},"author":1,"featured_media":0,"parent":0,"menu_order":0,"comment_status":"closed","ping_status":"closed","template":"","meta":{"footnotes":""},"class_list":["post-699","page","type-page","status-publish","hentry"],"_links":{"self":[{"href":"https:\/\/fidelizi.fr\/fidelizipro\/wp-json\/wp\/v2\/pages\/699","targetHints":{"allow":["GET"]}}],"collection":[{"href":"https:\/\/fidelizi.fr\/fidelizipro\/wp-json\/wp\/v2\/pages"}],"about":[{"href":"https:\/\/fidelizi.fr\/fidelizipro\/wp-json\/wp\/v2\/types\/page"}],"author":[{"embeddable":true,"href":"https:\/\/fidelizi.fr\/fidelizipro\/wp-json\/wp\/v2\/users\/1"}],"replies":[{"embeddable":true,"href":"https:\/\/fidelizi.fr\/fidelizipro\/wp-json\/wp\/v2\/comments?post=699"}],"version-history":[{"count":5,"href":"https:\/\/fidelizi.fr\/fidelizipro\/wp-json\/wp\/v2\/pages\/699\/revisions"}],"predecessor-version":[{"id":764,"href":"https:\/\/fidelizi.fr\/fidelizipro\/wp-json\/wp\/v2\/pages\/699\/revisions\/764"}],"wp:attachment":[{"href":"https:\/\/fidelizi.fr\/fidelizipro\/wp-json\/wp\/v2\/media?parent=699"}],"curies":[{"name":"wp","href":"https:\/\/api.w.org\/{rel}","templated":true}]}}